{"id":106,"date":"2017-07-02T14:22:27","date_gmt":"2017-07-02T14:22:27","guid":{"rendered":"http:\/\/wagenbrethuhlmann.com\/?page_id=106"},"modified":"2017-08-01T12:33:29","modified_gmt":"2017-08-01T12:33:29","slug":"kontakt","status":"publish","type":"page","link":"http:\/\/wagenbrethuhlmann.com\/?page_id=106","title":{"rendered":"Kontakt"},"content":{"rendered":"<p><strong>Post<\/strong> erreicht uns unter:<img loading=\"lazy\" decoding=\"async\" class=\"alignnone size-medium wp-image-281 alignright\" src=\"http:\/\/wagenbrethuhlmann.com\/wp-content\/uploads\/2017\/08\/Photo-8-a-Ines-Wernicke-DSCN0101-1-300x264.jpg\" alt=\"\" width=\"300\" height=\"264\" srcset=\"http:\/\/wagenbrethuhlmann.com\/wp-content\/uploads\/2017\/08\/Photo-8-a-Ines-Wernicke-DSCN0101-1-300x264.jpg 300w, http:\/\/wagenbrethuhlmann.com\/wp-content\/uploads\/2017\/08\/Photo-8-a-Ines-Wernicke-DSCN0101-1-768x675.jpg 768w, http:\/\/wagenbrethuhlmann.com\/wp-content\/uploads\/2017\/08\/Photo-8-a-Ines-Wernicke-DSCN0101-1-1024x901.jpg 1024w, http:\/\/wagenbrethuhlmann.com\/wp-content\/uploads\/2017\/08\/Photo-8-a-Ines-Wernicke-DSCN0101-1-1x1.jpg 1w\" sizes=\"auto, (max-width: 300px) 100vw, 300px\" \/><\/p>\n<p>mail ( at ) wagenbrethuhlmann.com<\/p>\n<p><strong>Booking<\/strong><\/p>\n<p>Johannes Uhlmann<br \/>\nG\u00f6selaue 13<br \/>\n04463 Gro\u00dfp\u00f6sna, OT Dreiskau-Muckern<br \/>\nFon: 034206-759701<br \/>\nFax: 034206-68657<br \/>\nFunk: 0151-40335789<br \/>\nE-mail: mail ( at ) wagenbrethuhlmann.com<\/p>\n<p><strong>Infos f\u00fcr Veranstalter <\/strong>(Download)<strong>:<\/strong><\/p>\n<p><a href=\"http:\/\/wagenbrethuhlmann.com\/wp-content\/uploads\/2017\/07\/Rider-WagenbrethUhlmann-2017.pdf\">Rider WagenbrethUhlmann 2017<\/a> \u00a0 \u00a0 \u00a0 \u00a0 <a href=\"http:\/\/wagenbrethuhlmann.com\/wp-content\/uploads\/2017\/07\/Pressetext_Wagenbreth_Uhlmann_2017-1.pdf\">Pressetext_Wagenbreth_Uhlmann_2017<\/a><\/p>\n<p><a href=\"http:\/\/wagenbrethuhlmann.com\/wp-content\/uploads\/2017\/07\/Pressephoto-1-WagenbrethUhlmann-300-dpi-\u00a9RainerJusten.jpg\" target=\"_blank\" rel=\"noopener\"><img loading=\"lazy\" decoding=\"async\" class=\"alignnone wp-image-268\" src=\"http:\/\/wagenbrethuhlmann.com\/wp-content\/uploads\/2017\/07\/Pressephoto-1-WagenbrethUhlmann-300-dpi-\u00a9RainerJusten-1024x709.jpg\" alt=\"\" width=\"269\" height=\"186\" srcset=\"http:\/\/wagenbrethuhlmann.com\/wp-content\/uploads\/2017\/07\/Pressephoto-1-WagenbrethUhlmann-300-dpi-\u00a9RainerJusten-1024x709.jpg 1024w, http:\/\/wagenbrethuhlmann.com\/wp-content\/uploads\/2017\/07\/Pressephoto-1-WagenbrethUhlmann-300-dpi-\u00a9RainerJusten-300x208.jpg 300w, http:\/\/wagenbrethuhlmann.com\/wp-content\/uploads\/2017\/07\/Pressephoto-1-WagenbrethUhlmann-300-dpi-\u00a9RainerJusten-768x532.jpg 768w, http:\/\/wagenbrethuhlmann.com\/wp-content\/uploads\/2017\/07\/Pressephoto-1-WagenbrethUhlmann-300-dpi-\u00a9RainerJusten-1x1.jpg 1w\" sizes=\"auto, (max-width: 269px) 100vw, 269px\" \/><\/a> \u00a0<a href=\"http:\/\/wagenbrethuhlmann.com\/wp-content\/uploads\/2017\/07\/Pressephoto-2-WagenbrethUhlmann-300-dpi-\u00a9RainerJusten.jpg\" target=\"_blank\" rel=\"noopener\"><img loading=\"lazy\" decoding=\"async\" class=\"alignnone wp-image-269\" src=\"http:\/\/wagenbrethuhlmann.com\/wp-content\/uploads\/2017\/07\/Pressephoto-2-WagenbrethUhlmann-300-dpi-\u00a9RainerJusten-1024x681.jpg\" alt=\"\" width=\"283\" height=\"188\" srcset=\"http:\/\/wagenbrethuhlmann.com\/wp-content\/uploads\/2017\/07\/Pressephoto-2-WagenbrethUhlmann-300-dpi-\u00a9RainerJusten-1024x681.jpg 1024w, http:\/\/wagenbrethuhlmann.com\/wp-content\/uploads\/2017\/07\/Pressephoto-2-WagenbrethUhlmann-300-dpi-\u00a9RainerJusten-300x200.jpg 300w, http:\/\/wagenbrethuhlmann.com\/wp-content\/uploads\/2017\/07\/Pressephoto-2-WagenbrethUhlmann-300-dpi-\u00a9RainerJusten-768x511.jpg 768w, http:\/\/wagenbrethuhlmann.com\/wp-content\/uploads\/2017\/07\/Pressephoto-2-WagenbrethUhlmann-300-dpi-\u00a9RainerJusten-2x1.jpg 2w\" sizes=\"auto, (max-width: 283px) 100vw, 283px\" \/><\/a><\/p>\n<p><!--div style=\"position: relative; top: -550px; left: 450px;\"><img loading=\"lazy\" decoding=\"async\" class=\"alignnone size-medium wp-image-281\" src=\"http:\/\/wagenbrethuhlmann.com\/wp-content\/uploads\/2017\/08\/Photo-8-a-Ines-Wernicke-DSCN0101-1-300x264.jpg\" alt=\"\" width=\"260\" height=\"240\" \/><\/div -->\n","protected":false},"excerpt":{"rendered":"<p>Post erreicht uns unter: mail ( at ) wagenbrethuhlmann.com Booking Johannes Uhlmann G\u00f6selaue 13 04463 Gro\u00dfp\u00f6sna, OT Dreiskau-Muckern Fon: 034206-759701 Fax: 034206-68657 Funk: 0151-40335789 E-mail: mail ( at ) wagenbrethuhlmann.com Infos f\u00fcr Veranstalter (Download): Rider WagenbrethUhlmann 2017 \u00a0 \u00a0 \u00a0 \u00a0 Pressetext_Wagenbreth_Uhlmann_2017 \u00a0<\/p>\n","protected":false},"author":1,"featured_media":0,"parent":0,"menu_order":0,"comment_status":"closed","ping_status":"closed","template":"page-templates\/full-width.php","meta":{"footnotes":""},"class_list":["post-106","page","type-page","status-publish","hentry"],"_links":{"self":[{"href":"http:\/\/wagenbrethuhlmann.com\/index.php?rest_route=\/wp\/v2\/pages\/106","targetHints":{"allow":["GET"]}}],"collection":[{"href":"http:\/\/wagenbrethuhlmann.com\/index.php?rest_route=\/wp\/v2\/pages"}],"about":[{"href":"http:\/\/wagenbrethuhlmann.com\/index.php?rest_route=\/wp\/v2\/types\/page"}],"author":[{"embeddable":true,"href":"http:\/\/wagenbrethuhlmann.com\/index.php?rest_route=\/wp\/v2\/users\/1"}],"replies":[{"embeddable":true,"href":"http:\/\/wagenbrethuhlmann.com\/index.php?rest_route=%2Fwp%2Fv2%2Fcomments&post=106"}],"version-history":[{"count":19,"href":"http:\/\/wagenbrethuhlmann.com\/index.php?rest_route=\/wp\/v2\/pages\/106\/revisions"}],"predecessor-version":[{"id":291,"href":"http:\/\/wagenbrethuhlmann.com\/index.php?rest_route=\/wp\/v2\/pages\/106\/revisions\/291"}],"wp:attachment":[{"href":"http:\/\/wagenbrethuhlmann.com\/index.php?rest_route=%2Fwp%2Fv2%2Fmedia&parent=106"}],"curies":[{"name":"wp","href":"https:\/\/api.w.org\/{rel}","templated":true}]}}